{"id":35,"date":"2016-08-09T14:21:14","date_gmt":"2016-08-09T14:21:14","guid":{"rendered":"http:\/\/flatsome.dev\/?page_id=8545"},"modified":"2026-01-07T09:18:52","modified_gmt":"2026-01-07T06:18:52","slug":"maintenance","status":"publish","type":"page","link":"https:\/\/procase.com.tr\/etkinlik\/elements\/pages\/maintenance\/","title":{"rendered":"Maintenance"},"content":{"rendered":"\n  <div class=\"banner has-hover is-full-height\" id=\"banner-1971024577\">\n          <div class=\"banner-inner fill\">\n        <div class=\"banner-bg fill\" >\n            <div class=\"bg fill bg-fill \"><\/div>\n                        <div class=\"overlay\"><\/div>            \n                    <\/div>\n\t\t\n        <div class=\"banner-layers container\">\n            <div class=\"fill banner-link\"><\/div>            \n   <div id=\"text-box-408934917\" class=\"text-box banner-layer x50 md-x50 lg-x50 y50 md-y50 lg-y50 res-text\">\n                                <div class=\"text-box-content text dark\">\n              \n              <div class=\"text-inner text-center\">\n                  \n<h3 class=\"uppercase\"><strong>BAKIM MODU<\/strong><\/h3>\n<p class=\"lead\">\u015euan bak\u0131m a\u015famas\u0131nday\u0131z. L\u00fctfen daha sonra tekrar ziyaret ediniz.<\/p>\n<div id=\"timer-773325536\" class=\"ux-timer dark\" data-text-plural=\"s\" data-text-hour=\"saat\" data-text-day=\"g\u00fcn\" data-text-week=\"hafta\" data-text-min=\"dakika\" data-text-sec=\"saniye\" data-text-hour-p=\"\" data-text-day-p=\"\" data-text-week-p=\"\" data-text-min-p=\"\" data-text-sec-p=\"\" data-countdown=\"2026\/01\/16 18:00\"><span>&nbsp;<div class=\"loading-spin dark centered\"><\/div><strong>&nbsp;<\/strong><\/span><\/div>\n<style>\n#timer-773325536 {\n  font-size: 300%;\n}\n#timer-773325536 span {\n  background-color: rgba(0, 0, 0, 0.2);\n}\n<\/style>\n\n              <\/div>\n           <\/div>\n                            \n<style>\n#text-box-408934917 {\n  width: 60%;\n}\n#text-box-408934917 .text-box-content {\n  font-size: 100%;\n}\n<\/style>\n    <\/div>\n \n        <\/div>\n      <\/div>\n\n            \n<style>\n#banner-1971024577 {\n  padding-top: 100%;\n}\n#banner-1971024577 .bg.bg-loaded {\n  background-image: url(https:\/\/procase.com.tr\/etkinlik\/wp-content\/uploads\/2016\/08\/dummy-2.jpg);\n}\n#banner-1971024577 .overlay {\n  background-color: rgba(0,0,0,0.15);\n}\n#banner-1971024577 .ux-shape-divider--top svg {\n  height: 150px;\n  --divider-top-width: 100%;\n}\n#banner-1971024577 .ux-shape-divider--bottom svg {\n  height: 150px;\n  --divider-width: 100%;\n}\n<\/style>\n  <\/div>\n\n\n","protected":false},"excerpt":{"rendered":"","protected":false},"author":1,"featured_media":0,"parent":55,"menu_order":0,"comment_status":"closed","ping_status":"closed","template":"page-blank-landingpage.php","meta":{"footnotes":""},"class_list":["post-35","page","type-page","status-publish","hentry"],"_links":{"self":[{"href":"https:\/\/procase.com.tr\/etkinlik\/wp-json\/wp\/v2\/pages\/35","targetHints":{"allow":["GET"]}}],"collection":[{"href":"https:\/\/procase.com.tr\/etkinlik\/wp-json\/wp\/v2\/pages"}],"about":[{"href":"https:\/\/procase.com.tr\/etkinlik\/wp-json\/wp\/v2\/types\/page"}],"author":[{"embeddable":true,"href":"https:\/\/procase.com.tr\/etkinlik\/wp-json\/wp\/v2\/users\/1"}],"replies":[{"embeddable":true,"href":"https:\/\/procase.com.tr\/etkinlik\/wp-json\/wp\/v2\/comments?post=35"}],"version-history":[{"count":2,"href":"https:\/\/procase.com.tr\/etkinlik\/wp-json\/wp\/v2\/pages\/35\/revisions"}],"predecessor-version":[{"id":548,"href":"https:\/\/procase.com.tr\/etkinlik\/wp-json\/wp\/v2\/pages\/35\/revisions\/548"}],"up":[{"embeddable":true,"href":"https:\/\/procase.com.tr\/etkinlik\/wp-json\/wp\/v2\/pages\/55"}],"wp:attachment":[{"href":"https:\/\/procase.com.tr\/etkinlik\/wp-json\/wp\/v2\/media?parent=35"}],"curies":[{"name":"wp","href":"https:\/\/api.w.org\/{rel}","templated":true}]}}